
3, 13, 43
Let q(u) = u**2 - 26*u + 72. Let z be q(23). What are the prime factors of -2*z*1310/(-15) + -3?
521
Suppose -35*t = -321889 - 122438 - 359483. List the prime factors of t.
2, 11483
Suppose -7*a + 8*a = 1, -g + 960 = -a. Let w = g - 505. What are the prime factors of w?
2, 3, 19
Let j be (-5)/((-15)/(-468)) - 4. Suppose -10 = 4*w + 30. Let l = w - j. List the prime factors of l.
2, 3, 5
Let t(k) = -20*k. Let v be t(-3). Let g = 63 - v. Suppose g*i = -i + 588. List the prime factors of i.
3, 7
Let b be (-620)/48*-3 + (-3)/4. Suppose 7*m = -b*m + 46800. List the prime factors of m.
2, 5, 13
Suppose 11 = -j + 4*d, -11*j + 36 = -7*j + 4*d. Suppose -3*i + j*v + 434 = 0, 3*i - 3*v - 301 - 131 = 0. List the prime factors of i.
11, 13
Let y(z) = -z**2 - 18*z - 77. Let b be y(-10). Suppose -v + b*t = 3*v - 1115, -t + 1408 = 5*v. List the prime factors of v.
281
Let i be (18/(-8))/(28/(-448)). List the prime factors of 16/i + (-1378)/(-18).
7, 11
Let a(x) = -x**3 - 13*x**2 - 28*x + 9. Let k(g) = -6*g**3 - 65*g**2 - 139*g + 43. Let c(s) = -11*a(s) + 2*k(s). List the prime factors of c(8).
547
Suppose 0 = 6*j - 68699 + 13391. What are the prime factors of j?
2, 11, 419
Let v = -397 - -1659. What are the prime factors of (50 + -48)/(4/v)?
631
Let l be -6*3/(-12)*8048/24. Let t = l + -153. What are the prime factors of t?
2, 5, 7
Suppose 4*y - 3*y - 67 = 3*f, -3*y + 197 = -5*f. Let l be (80/y)/(1/4). Suppose 355 = 3*r + l*d - 3*d, 4 = 2*d. List the prime factors of r.
3, 13
Suppose -118*w + 1391467 = -15*w + 111589. What are the prime factors of w?
2, 3, 19, 109
Let g = 2862 - 1387. What are the prime factors of g?
5, 59
Let h be ((-8)/(-4))/((-3)/(-804)). Suppose 2*l = 4*i + 6*l - h, 0 = 2*i + 4*l - 262. List the prime factors of i.
137
Let n(k) = 1055*k - 2. Let c be n(7). Let l be (4/(-6))/((-46)/c). Let p = l + -7. List the prime factors of p.
2, 5
Let f(a) = -4*a - 17. Let u be f(-5). Suppose -3*c = -u*h + 333, 2*c - 3*c = -5*h + 559. List the prime factors of h.
2, 7
Let q(l) = l**2 + l + 1. Let v(n) = -3*n**2 + n - 11. Let h(z) = 4*q(z) + v(z). Let k be h(-9). Suppose -f + k - 12 = 0. List the prime factors of f.
17
Let b = -9 + 13. Suppose -2*u + 10 = -b*u, -5*w = 2*u - 60. List the prime factors of (-1 + -3 - -6*w) + 0.
2, 5
Suppose -5*n + 30 = 0, 0*a + n = 4*a - 4854. List the prime factors of a.
3, 5
Suppose 5*o - 48 = -o. Suppose -a - 3*a + o = 0. Suppose -a*c + 148 = 2*d, -6*c = -c + d - 358. List the prime factors of c.
71
Suppose -4*k + 220 = 5*m, 0 = 14*m - 12*m - 4*k - 88. Suppose -m*q + 120 = -36*q. List the prime factors of q.
3, 5
Let t(i) = -i**3 - 12*i**2 + 7*i + 1. Let p(z) = 2*z**3 + 6*z**2 + 4*z - 2. Let j be p(-3). What are the prime factors of t(j)?
5, 59
Suppose 2*y - 62176 = 3*n, 5*y - 183524 = -4*n - 28130. List the prime factors of y.
2, 15541
Suppose -3*a = 15, 0 = 4*l + 29*a - 30*a - 31021. List the prime factors of l.
2, 3877
Let z(s) = 64*s**2 - 8*s - 7. Let t be z(-1). Suppose 62*b - t*b + 363 = 0. List the prime factors of b.
11
Let p(o) = o**3 + 16*o**2 - 28*o + 6. Let u be (-16)/88 + 370/(-22). List the prime factors of p(u).
193
Let o be (-2 + 1 - 29)*12. Let l be (-1 + -9 - -13)/(3/(-254)). Let w = l - o. What are the prime factors of w?
2, 53
Let c(p) = p**2 - 6*p + 8. Suppose 4*b + 28 - 6 = 2*d, 2*d = 3*b + 24. Suppose -2*x + 35 = 2*x + 3*j, -3*j = -d. List the prime factors of c(x).
3
Suppose 4*n - 5*n + 3*w + 2898 = 0, 4*n + 5*w = 11524. Suppose 4*u - x - 61 = n, 3680 = 5*u - 5*x. What are the prime factors of u?
11, 67
Let n = 2272 - 1348. Suppose 2*y - 13*y = -n. What are the prime factors of y?
2, 3, 7
Let k be 9*(152/24 + -6). Suppose -n + 134 = -5*v - 701, -2529 = -k*n + 3*v. What are the prime factors of n?
5, 13
Let d(c) = 17*c**2 + 4*c - 33. Suppose n = -3*n - 4, -3*t = -5*n + 10. What are the prime factors of d(t)?
2, 3, 31
Suppose 363189 = 38*l + 2*l - 30331. List the prime factors of l.
2, 4919
Let i = 5249 - 1184. What are the prime factors of i?
3, 5, 271
Suppose 6*m = 2015 - 17. Let s = m + -182. List the prime factors of s.
151
Suppose 2*y + 4*i = 20, -y - 2*y - 3*i + 39 = 0. Suppose 4*x + y = -12. List the prime factors of (x/(0 + (-2)/(-10)))/(-1).
5, 7
Let g be 3*18 - (0 - 0). Let a = -1095 + 1062. Let j = g + a. List the prime factors of j.
3, 7
Let w be 6/(-1) + -6 + (-868)/(-14). Suppose -w*q + 45*q = -2045. What are the prime factors of q?
409
Suppose v + o - 3968 = 6149, 5*o + 10081 = v. List the prime factors of v.
10111
Suppose -4*u = 3*r - 125427, 5*u = -11*r + 8*r + 156786. What are the prime factors of u?
3, 10453
Let z(q) = 6*q - 5 - 12 + 0. Let t = 664 - 649. List the prime factors of z(t).
73
Let u(s) = s**3 - 7*s**2 + 10*s + 3. Let g be u(5). Suppose 0*k + 5*k - 5*v = 1515, -g*v + 1523 = 5*k. List the prime factors of k.
2, 19
Suppose -17 = g - 4*l, -2*g - 5*l = -3*l - 16. Let t be (-28)/(-2)*(g + -1) + 1. Let u = t - 24. List the prime factors of u.
5
Let j = -205 - -1626. Let n = 785 - j. What are the prime factors of 5*-1*n/20?
3, 53
Let v(q) = 2*q**2 - 47*q - 73. Let a be v(25). Suppose a*f - 3*n = 3811, -11*f + 7637 = -7*f - n. What are the prime factors of f?
2, 5, 191
Suppose -4*u = -28 - 4. Suppose 0 = -u*d + 6*d - 4. What are the prime factors of (-9)/(9/d) - -30?
2
Let r(s) = -403*s + 5311. What are the prime factors of r(-11)?
2, 3, 7, 29
Suppose 2*v - 3*r = -11, -5*v = -3*r - 1 + 6. Suppose -4*h - 10 = -3*j, j = 2*h + v*h + 6. Suppose 4*x - 172 = j*x. What are the prime factors of x?
2, 43
Let u(n) = 2*n**3 + n**2 + 4*n - 3. Let m be u(2). Let g be -1 + 4 + -5 - -62. Suppose 4*q = 5*v - g, -19 - m = -4*v + 4*q. List the prime factors of v.
2
Suppose -2*q = 7*s - 3*s - 9482, -4*q = 2*s - 4744. Suppose -3*k = -13*k + s. List the prime factors of k.
3, 79
Suppose 3*x - 32*x - 43703 = 0. Let w = 2699 + x. List the prime factors of w.
2, 149
Let n = -102 + 159. Let q(k) = -k**3 - 15*k**2 + k + 2. Let c be q(-15). List the prime factors of (-13)/c*(n + 0).
3, 19
Let n = -23 + -24. Let v(t) = -t**3 - 9*t**2 + 3*t + 4. Let b be v(-6). Let a = n - b. What are the prime factors of a?
3, 5
Let a(y) = 11670*y**2 - 92*y - 91. What are the prime factors of a(-1)?
11, 1061
Let t(j) be the third derivative of j**5/5 + 25*j**4/24 - 10*j**3/3 + 209*j**2. List the prime factors of t(-11).
13, 89
Suppose 0 = -4*q - f + 2, 3*q - 20*f = -25*f + 10. Suppose 0 = -4*x - 0*l + l + 2072, -2*l = q. What are the prime factors of x?
2, 7, 37
Suppose -463*b = -457*b - 4662. Suppose -8*a = -9*a + b. List the prime factors of a.
3, 7, 37
Let t(b) = 3*b + 3. Let d be t(0). Let r(f) = 18*f**2 - 9*f - 21 - d*f**2 - f**3 + f. What are the prime factors of r(14)?
3, 7
What are the prime factors of 4/(4/3)*(114 + 369)?
3, 7, 23
What are the prime factors of 1/(-20) - 44212298/(-1160)?
2, 17, 19, 59
Let h = -2976 + 17421. What are the prime factors of h?
3, 5, 107
Suppose 2*s - 2*i = s + 82, -3*s + 201 = 3*i. Suppose -3*r - 4*k = -223, 5*r - 5*k - 323 = s. Let x = r - -209. List the prime factors of x.
2, 11, 13
Suppose 0 = 6*o - 789 + 867. Let l be (1 - 1) + 1 + -53. Let f = o - l. What are the prime factors of f?
3, 13
Let d be (-2)/(-5 + 3) + -2. Let h be (d + -1)/((-10)/30). List the prime factors of (-20)/h*-2*(-1 + 4).
2, 5
Let t(y) = 6*y + 2. Let o be t(0). Suppose a = -4*h - 11, 4*a + h = o*a - 15. Let r = 80 + a. List the prime factors of r.
73
Suppose -7*r = -0 + 7. Suppose -3*n = -m - 4*n + 49, 2*m = 2*n + 106. List the prime factors of (-1)/(-1) + m + r.
3, 17
Let w be -1 - 52/(-14) - (-10)/35. Suppose w*n - 5*n = -594. Suppose -9*b + 90 = -n. List the prime factors of b.
43
Let v(c) = 14*c**3 + 13*c**2 + 54*c - 250. What are the prime factors of v(10)?
2, 5, 1559
Suppose -14*z - 68*z = -3064012. List the prime factors of z.
2, 7, 17, 157
Let r be -3 + ((-8152)/(-14) - (-4)/(-14)). What are the prime factors of 1*((-16)/(-4) - 3)*r?
3, 193
Suppose 2*s - s = 6. Let d(n) = -s*n - 10*n + 198 + 3*n - 25. List the prime factors of d(0).
173
Let l = 473 - 344. Suppose l = -g + 1171. What are the prime factors of g?
2, 521
Let l(z) = 55*z**2 + 2. Let h = -66 + 85. Suppose 5*x - h = -4*n, 5*x - 13 = 4*n - 2*n. List the prime factors of l(n).
3, 19
Let g(h) = -799*h**2 + 5*h + 2. Let r be g